ber?
False
Is 111757691 prime?
True
Is 28969 a prime number?
False
Is 9364097 a prime number?
True
Is 25832489 prime?
False
Is 31509419 composite?
False
Is 30997501 prime?
True
Is 14003533 prime?
False
Is 59538422 a prime number?
False
Is 64877291 composite?
False
Is 1041203 a composite number?
False
Is 224928043 composite?
False
Is 7141307 prime?
True
Is 16095763 a composite number?
False
Is 178337179 a prime number?
True
Is 35095 composite?
True
Is 72352847 composite?
True
Is 115217801 a composite number?
True
Is 2304161 a prime number?
False
Is 6016513 composite?
False
Is 15608369 prime?
False
Is 5648213 prime?
False
Is 102085037 a prime number?
True
Is 24771143 prime?
False
Is 126781 a composite number?
False
Is 3820343 composite?
False
Is 37127593 prime?
True
Is 325393 a prime number?
False
Is 543545591 composite?
True
Is 31443551 a prime number?
True
Is 315337441 a composite number?
True
Is 92994737 a prime number?
False
Is 26917469 a prime number?
True
Is 42481227 a prime number?
False
Is 164290757 prime?
True
Is 164971711 a composite number?
False
Is 2200643 prime?
True
Is 98481913 prime?
True
Is 38639 a composite number?
False
Is 1166987 prime?
True
Is 5440319 a composite number?
False
Is 8769071 a prime number?
True
Is 99687937 a composite number?
False
Is 7992013 a prime number?
False
Is 13293323 a prime number?
False
Is 7296907 a composite number?
False
Is 230363 composite?
True
Is 3547151 prime?
True
Is 21659203 a prime number?
True
Is 329620749 composite?
True
Is 23430871 a composite number?
False
Is 13510999 a prime number?
False
Is 33900073 prime?
True
Is 35892587 a composite number?
False
Is 5229857 a composite number?
False
Is 4133069 composite?
False
Is 903131 prime?
False
Is 9839143 a prime number?
False
Is 117167269 prime?
True
Is 44305573 a prime number?
False
Is 17676091 a prime number?
False
Is 2424199 a composite number?
False
Is 2642449 a prime number?
True
Is 463678 prime?
False
Is 1096609 a composite number?
False
Is 272640007 composite?
False
Is 24321931 a prime number?
True
Is 5947211 a prime number?
True
Is 66049 a composite number?
True
Is 91224307 composite?
True
Is 102369 composite?
True
Is 2602837 a composite number?
True
Is 92761 prime?
True
Is 582383 a prime number?
False
Is 154667 composite?
False
Is 12470831 composite?
False
Is 406547 composite?
False
Is 1902841 prime?
False
Is 51067 a composite number?
True
Is 129504029 a composite number?
False
Is 3162631 composite?
True
Is 1330181501 prime?
False
Is 5032417 a composite number?
True
Is 124925593 a composite number?
True
Is 4176947 a prime number?
True
Is 29761889 composite?
False
Is 85034773 composite?
False
Is 3430967 a prime number?
True
Is 89067067 composite?
False
Is 90349949 composite?
False
Is 35102759 prime?
True
Is 1025647 a prime number?
False
Is 1576871 composite?
False
Is 464895163 a composite number?
False
Is 9697889 a composite number?
True
Is 77703629 prime?
True
Is 2647847 prime?
True
Is 94102859 a composite number?
False
Is 15250333 a prime number?
False
Is 2096329 composite?
True
Is 38212015 a composite number?
True
Is 183827309 prime?
True
Is 149682111 a composite number?
True
Is 266587 composite?
False
Is 2494421 prime?
True
Is 358031 a composite number?
False
Is 146832289 composite?
True
Is 43365983 a composite number?
True
Is 81160151 a composite number?
True
Is 580974703 a composite number?
True
Is 41085623 composite?
False
Is 80095699 prime?
False
Is 16156913 a composite number?
False
Is 387655111 a prime number?
False
Is 226975253 prime?
True
Is 167227 prime?
False
Is 1037399 a composite number?
True
Is 1348127 composite?
True
Is 3018737 prime?
False
Is 160058117 prime?
True
Is 149148379 a prime number?
True
Is 417152669 a composite number?
False
Is 3182687 a composite number?
False
Is 1048189 a composite number?
False
Is 1980281 prime?
True
Is 5673851 a composite number?
False
Is 15219467 a prime number?
False
Is 272344918 composite?
True
Is 9662869 prime?
True
Is 1355485 a prime number?
False
Is 6372463 composite?
True
Is 40300151 composite?
False
Is 2865089 composite?
True
Is 958729 a prime number?
True
Is 802307 composite?
True
Is 841471051 composite?
False
Is 298125701 prime?
False
Is 6943537 composite?
True
Is 57164689 composite?
False
Is 2839009 a composite number?
True
Is 4357723 a prime number?
False
Is 30773 a prime number?
True
Is 30332941 prime?
True
Is 7057861 composite?
True
Is 41509201 composite?
False
Is 3922661 prime?
False
Is 21673837 prime?
True
Is 4783 composite?
False
Is 6109843 a composite number?
True
Is 3350903 a prime number?
False
Is 1326241 composite?
True
Is 34731199 a prime number?
True
Is 195112195 a composite number?
True
Is 21966401 prime?
True
Is 5275033 composite?
True
Is 37610857 a composite number?
True
Is 1965259 a prime number?
True
Is 1083359 composite?
True
Is 18902339 composite?
True
Is 161600437 a composite number?
False
Is 209021 composite?
False
Is 5387713 composite?
False
Is 79951273 composite?
False
Is 158731547 prime?
False
Is 60690673 a composite number?
True
Is 6115487 prime?
False
Is 179510519 prime?
False
Is 60615457 a prime number?
False
Is 1264427 prime?
False
Is 7581461 composite?
False
Is 123763 composite?
True
Is 103984327 composite?
True
Is 36332053 a prime number?
True
Is 3692233 a prime number?
False
Is 34151983 a composite number?
False
Is 164445791 composite?
True
Is 23835991 composite?
False
Is 268141283 a composite number?
False
Is 158701271 a prime number?
True
Is 5502599 a prime number?
False
Is 8656873 a prime number?
False
Is 3735493 prime?
False
Is 15066201 a composite number?
True
Is 21359329 a prime number?
True
Is 544361 a prime number?
False
Is 6726947 a prime number?
True
Is 10223441 prime?
True
Is 218783 a composite number?
False
Is 185987443 a prime number?
True
Is 69945493 a prime number?
True
Is 2440309 composite?
True
Is 6848899 composite?
True
Is 335771 a prime number?
True
Is 4194503 prime?
True
Is 3098517 composite?
True
Is 65117534 composite?
True
Is 755789 a prime number?
True
Is 15929821 a prime number?
False
Is 21136873 composite?
True
Is 11553263 composite?
True
Is 335999 a prime number?
True
Is 3035134 composite?
True
Is 27157027 a prime number?
True
Is 36473093 composite?
True
Is 13954349 a prime number?
False
Is 88814989 a composite number?
False
Is 49814213 prime?
False
Is 553 a prime number?
False
Is 11626445 composite?
True
Is 22690043 a composite number?
True
Is 67808747 a prime number?
False
Is 97214911 a prime number?
True
Is 13571377 a composite number?
True
Is 10023941 composite?
False
Is 44719973 prime?
False
Is 14960843 a prime number?
True
Is 25059967 composite?
False
Is 11087443 prime?
True
Is 11793143 composite?
False
Is 80372759 a composite number?
False
Is 1055893 a prime number?
True
Is 245787053 a composite number?
False
Is 6713293 a prime number?
False
Is 776429 composite?
False
Is 11065987 a composite number?
False
Is 8644991 prime?
True
Is 2828521 a prime number?
True
Is 1188794 a prime number?
False
Is 22293241 a prime number?
True
Is 35234063 a prime number?
True
Is 284147351 prime?
True
Is 47251601 composite?
False
Is 3985253 composite?
True
Is 136163 a composite number?
False
Is 430258911 a prime number?
False
Is 466003 a prime number?
False
Is 1780367 a composite number?
False
Is 697919 a composite number?
True
Is 18755859 composite?
True
Is 58132369 prime?
True
Is 11263351 prime?
False
Is 111069379 a composite number?
False
Is 244460669 a prime number?
False
Is 1199893049 composite?
True
Is 426841 prime?
True
Is 21443657 prime?
True
Is 12307973 prime?
False
Is 259717 a composite number?
False
Is 68187131 a composite number?
True
Is 19515047 a composite number?
False
Is 5097751 prime?
True
Is 59425193 composite?
True
Is 5430899 composite?
False
Is 4565177 composite?
True
Is 26407237 prime?
False
Is 18753913 a composite number?
False
Is 3143289 a prime number?
False
Is 29482259 a prime number?
True
Is 157312399 composite?
False
Is 101453245 prime?
False
Is 113995837 a prime number?
False
Is 385685 composite?
True
Is 472181 a prime number?
False
Is 24573281 prime?
True
Is 12901879 a composite number?
False
Is 256911209 a composite number?
False
Is 407959 a composite number?
False
Is 6460429 a prime number?
False
Is